ose -j + 0*j + h = 0. What is the tens digit of j?
6
Suppose -3*o = 5*p - 846, -4*p + 104 = 4*o - 1024. What is the hundreds digit of o?
2
Suppose r - 1549 - 1003 = 0. What is the units digit of r?
2
Suppose 556 + 4388 = 12*t. What is the hundreds digit of t?
4
Let h be 7/(-28) + (-1)/(-4). Suppose h = -3*b - b. Let x(y) = y**3 - y**2 + 21. What is the tens digit of x(b)?
2
Suppose 0 = 6*n - 2*n - 76. Let y(k) = -5*k - n*k**2 + 1 + 65*k**2 + 7*k. What is the tens digit of y(-1)?
4
What is the units digit of (-108)/(-252) + (-4547)/(-7)?
0
Let v(a) = 55*a**2 + 12*a - 21. What is the units digit of v(-5)?
4
Suppose 0 = 3*j - 4329 + 1524. What is the tens digit of j?
3
Let t(a) = -a**3 - 6*a**2 + 2*a - 4. Let s be t(-7). Suppose 265 = 2*b + s. What is the units digit of b?
7
Let q be 42/(4 - 44/8). Let y = q + -8. What is the tens digit of (-6)/27 + (-2492)/y?
6
Suppose -2*q - 2*v + 162 + 132 = 0, -v + 439 = 3*q. What is the tens digit of q?
4
Let r be 11/((-55)/(-210)) + 2. Let t be -1*(2 + 0 + -4). Suppose t*u = -0*u + r. What is the units digit of u?
2
Let y = 18 - 7. Let q = 8 - y. What is the units digit of 35/3 - 1/q?
2
Suppose 0 = -q - 48 - 18. What is the units digit of q/(-15) + 4/(-10)?
4
Let u(n) = 13*n**2 + 15*n + 116. What is the tens digit of u(-13)?
1
Let c(w) = -5 + 19 + 0 - 5 - 113*w. Let d be c(5). What is the units digit of 1/(d/(-184) - 3)?
6
Let u(r) = 66*r - 1. What is the tens digit of u(7)?
6
Suppose 2 = -r - 9. Let f(b) be the first derivative of -2*b**2 + 15*b + 8. What is the units digit of f(r)?
9
Let m be 3366/(-54) - ((-8)/6 - -2). Let a = m + 76. What is the tens digit of a?
1
Let y be ((-16)/24)/((-1)/6). Let z = -24 + y. Let n = 1 - z. What is the tens digit of n?
2
Let t(y) = -2*y**3 - 19*y**2 + 18*y - 23. What is the units digit of t(-12)?
1
Suppose -4*r = 75 - 243. Let i = 16 + -16. Suppose -4*p = -m - 47, r = 3*p - i*p - 3*m. What is the tens digit of p?
1
Let m = 1685 + -1118. What is the tens digit of m?
6
Suppose t - 2*t + 132 = 2*g, 3*t + 180 = 3*g. Let x = -38 + g. What is the tens digit of x?
2
Let n(j) = j + 9. Let h be n(-14). Let i be 1*(h + 2 - -85). Let p = -48 + i. What is the tens digit of p?
3
What is the tens digit of ((-132)/16)/(2*1/(-40))?
6
Let u(o) = 2 + o**3 + 8*o**2 - 3 + 0*o**3. Let c be u(-8). What is the tens digit of (2 + c)/((-4)/(-76))?
1
Let y(z) = -z + 9. Let i be (-14*1)/(4/16). Let g be ((-1)/1)/(8/i). What is the units digit of y(g)?
2
Let q be (-2)/((-20)/15 + 2). Let l be 139 - (q - (1 - 3)). Suppose 4*y = -0*y + 2*o + l, -y + 2*o + 29 = 0. What is the tens digit of y?
3
Let a(q) be the third derivative of q**8/3360 - q**6/120 - 2*q**5/15 + 6*q**2. Let x(o) be the third derivative of a(o). What is the tens digit of x(-3)?
4
Let s(z) = z**2 + 7*z + 7. Let l be s(-6). Let c be ((-14)/(-3))/((-6)/(-9)). Suppose -5*r = 25, 2*r - l = -2*n + c. What is the units digit of n?
9
Let j be 1*-1*(-93 + -4). Suppose -u + j = -5*o, -380 = -5*u - 5*o + 9*o. What is the tens digit of u?
7
Let f = 95 + -162. Let z = -42 - f. What is the tens digit of z?
2
Let a(k) = k - 11. Let y be a(11). Suppose 7*n - 4*n - 60 = y. Suppose -8 = -d + n. What is the units digit of d?
8
Let y(d) = -d - 4. Let j = -19 + 12. Let v be y(j). What is the units digit of 1/(v/93 - 0)?
1
Let k = 3977 - 2713. What is the tens digit of k?
6
Let b(i) = i**3 - i**2 + i + 69. Suppose 3*h = 7*h. What is the units digit of b(h)?
9
Suppose -6*q + q - 5*x + 115 = 0, 0 = 3*q - 3*x - 39. Let c = -5 + q. Suppose -2*h + t = -0*h - c, 0 = -t + 5. What is the units digit of h?
9
Suppose g = -3*i - 0*g - 4, 3*i = -3*g. Let p(c) = c**2 + 371 - 5*c**3 - 2*c - 371. What is the tens digit of p(i)?
4
Suppose 0 = 30*g - g - 16008. What is the units digit of g?
2
Let m = 16 - 14. Suppose 3*j = -4*n + 33, -6*j + j + m*n + 55 = 0. What is the units digit of (-2)/(j/(-3) + 3)?
3
Suppose 0 = -3*y + y + 18. Suppose 0 = y*c - 905 - 1093. What is the hundreds digit of c?
2
Let j(c) = 61*c**3 - 2*c - 14. Let p be j(3). Suppose 7*w - p = -136. What is the tens digit of w?
1
Let v(z) = z**2 - 8*z + 15. Let u be v(5). Suppose -6*w = -9*w + m + 441, u = -2*w + 3*m + 301. What is the hundreds digit of w?
1
Let s = -12 - -15. Suppose -s*y = -h - h + 249, 2 = -2*y. What is the units digit of h?
3
Suppose 3*i = -0*i. Suppose -4*x = -2*y + 2, -2*x - 4*y + 4 = -i. What is the tens digit of 1 + (-3 - -18) + x?
1
Let a be (320/(-6))/(6/(-27)). Let w = -65 + 67. Suppose 7*p - w*p - a = 0. What is the tens digit of p?
4
What is the thousands digit of (-10 - 5480)/(-5) + (0 - 3)?
1
Let z = -33 - -30. Let m be 20/(z*3/27). Let w = 118 + m. What is the units digit of w?
8
Suppose 0 = k - d - 1066, d - 4567 = -5*k + 787. What is the thousands digit of k?
1
Let d(g) = 81*g + 150. What is the tens digit of d(13)?
0
Suppose 49 + 1 = 10*i. Suppose -2*s = -3*x + 303, 3*s = -i*x + 2*s + 518. What is the units digit of x?
3
Let a(k) = -16*k - 1. Suppose -s + 5*h = 15, 3*s - 2*h + 11 = -4*h. What is the tens digit of a(s)?
7
Suppose 49*a - 60999 = 52485. What is the units digit of a?
6
What is the units digit of 2108/6 + (-3)/9 + -1?
0
Let x be 12/3 + (2 - -171). Suppose -4*s + x = 21. Let v = -28 + s. What is the tens digit of v?
1
Suppose 2*m + 5*g - 15 = -0*m, 2*m = -3*g + 9. Suppose 0*y + 4*y + 96 = m. Let p = y + 49. What is the tens digit of p?
2
Let f be 3/(((-108)/(-16))/9). Suppose -3*k + f*k = -2. Let h = 7 - k. What is the units digit of h?
9
What is the hundreds digit of 4/(-7) - (-283195)/385?
7
Let t = 13 - 13. Suppose t = -r - 2*r. Suppose 5*p + 91 = j + j, 2*j - 4*p - 90 = r. What is the tens digit of j?
4
Suppose -8 = 3*h - 50. Suppose 2*p + 0*p = h. Let b = p + 16. What is the tens digit of b?
2
Suppose 2*q = -r + 4*r + 31, 25 = -2*r - 3*q. What is the hundreds digit of ((-6)/3 + -15)/(1/r)?
1
Let m = 94 - 48. Suppose 7*g + m = 501. What is the units digit of g?
5
Let m = 21 + -16. Suppose 2*a - 3*a - d = -6, 0 = -m*a + 4*d + 30. Suppose 32 - a = f. What is the tens digit of f?
2
Let u = 4 + 54. Suppose 4*a - 109 = q, -a - u = -3*a + 4*q. What is the units digit of a?
7
Suppose -80 = 3*j - 7*j. Let k = -41 + j. Let b = 35 + k. What is the units digit of b?
4
Let h be 78/30 + (-2)/(-5). Let c = -6 - -8. Suppose -5*o + 0 = -c*x - 1, 0 = -x - o + h. What is the units digit of x?
2
Suppose 5*r - 26 = -6. Suppose 0 = r*o - 4, 0*a = -a - 4*o + 66. What is the units digit of a?
2
Suppose 3*x = 4*b - 132, -3*x - 34 = -5*b + 128. Suppose 10*v - b = 4*v. What is the units digit of v?
5
Let a(o) = 8*o**2 + 49*o - 17. What is the hundreds digit of a(-23)?
0
Suppose -6099 = -5*b + 6*k - 7*k, 0 = 5*b - k - 6091. What is the thousands digit of b?
1
Suppose 0 = -6*a + 12 - 0. Suppose a*n = 3*k + 130, 3*k = -4*n + 2*n + 118. What is the tens digit of n?
6
Suppose 5*f + 6*f - 10593 = 0. What is the units digit of f?
3
Suppose 0*o = -2*o + 956. Suppose o = -3*t + 2*j, 0 = -3*t + 5*j - 269 - 215. What is the tens digit of (-2)/(-5) - t/5?
3
Let j be ((-282)/(-4))/(3 + (-39)/12). Let q = j + 433. What is the tens digit of q?
5
Suppose 0 = -4*f - c + 6046, -9*f + 4*f + 7545 = -5*c. What is the tens digit of f?
1
Suppose 4*f = -2*x - 16, 6*x - x = 5*f - 55. Let u(m) = m**2 - 7*m - 10. What is the hundreds digit of u(x)?
1
Suppose 11*x - 7558 + 1079 = 0. What is the tens digit of x?
8
Let q = 294 + 417. What is the hundreds digit of q?
7
Suppose 3*q + 2*f = 13, 2*q - f - 6 = q. Suppose l - 41 = -q*z + 187, -4*z + 2*l + 174 = 0. What is the tens digit of z?
4
Let i = 8406 - 4928. What is the hundreds digit of i?
4
What is the units digit of 9/36 - (-2433)/12?
3
Let s = 136 + 142. Suppose 517 + s = 3*l. What is the units digit of l?
5
What is the units digit of ((-512)/48 - -2)/(4/(-642))?
1
What is the thousands digit of (-4)/62 - 996723/(-651)?
1
Let m(i) = -2 + 3*i + 9*i + 0. Suppose 2 = -q + j, -5*q = -2*j + 4*j - 18. What is the units digit of m(q)?
2
Let s = 8 + 17. Let u = s + -20. Suppose u = 7*o - 2. What is the units digit of o?
1
Let p(a) = a**3 - 15*a**2 + 29*a + 23. What is the tens digit of p(13)?
6
Let k = -156 + 596. What is the hundreds digit of k?
4
Let i = 98 - 173. What is the units digit of (-1290)/i*5/2?
3
Let j = 42 - 43. Let r = j + 21. What is the unit